r of a and l.
2
Suppose 0 = -9*k + 5*k + 1176. What is the highest common divisor of 42 and k?
42
Suppose -4*o + 141 = 5*i, -8*o + 5*o + 114 = i. Calculate the highest common factor of 247 and o.
13
Suppose 2*k - 5*k + 101 = o, 0 = 5*o + 5. Let d = 156 - 71. What is the greatest common factor of k and d?
17
Let a = -11 + 26. Let f(b) = -30*b - 2. Let k be f(-7). Let n be 2/(-8) + k/64. What is the greatest common factor of n and a?
3
Let z = -1128 + 1183. Calculate the highest common divisor of 880 and z.
55
Let j = -7 - -25. Suppose 12 = -4*w + 4*o, 4*w = 2*o - 9 + 1. Let i be (w - 17)*1*-1. What is the highest common divisor of j and i?
18
Let q be ((-20)/(-2))/((-40)/(-48)). Suppose -5*s = -473 - 7. Calculate the highest common divisor of s and q.
12
Suppose 0 = 5*i, 0*r = -r + i + 223. Suppose 0 = 2*h - 33 - r. Suppose 77 = 5*d + 3*v, -3*d + 2*d + 15 = v. What is the highest common factor of d and h?
16
Let l = 62 + 42. Calculate the highest common divisor of 156 and l.
52
Let b = 8 - 5. Let j be 2/(-2) - (0 - 18). Let n = j - b. What is the greatest common factor of 14 and n?
14
Suppose 3*n + 5*d = 23, d = 4*n - 2*d - 79. Suppose 2*r = 2 - 0. Let f be (-6)/3*r*-20. Calculate the greatest common divisor of f and n.
8
Suppose 6*i - 10*i + 80 = 0. Suppose 14*r = 13*r + i. What is the highest common divisor of r and 50?
10
Let n be (-11)/((-264)/(-36))*-1*2. Calculate the greatest common factor of 12 and n.
3
Let o(b) = 137*b**2 - b. Suppose 0 = -5*s + s. Suppose -17 = -s*h - 2*h - 3*v, 0 = 5*v - 25. Let x be o(h). What is the highest common factor of x and 17?
17
Let s = -10 - -16. What is the highest common factor of s and 42?
6
Let t = 157 - 135. What is the highest common divisor of t and 374?
22
Let m(y) = 4*y + 3. Let n be m(0). Let a be (3 - n - 1)/((-2)/40). What is the highest common divisor of 4 and a?
4
Suppose -10*z + 5 = -15. Suppose -5*c = 2*f + z*f - 121, -4*f = -5*c + 129. What is the greatest common factor of 10 and c?
5
Let u(q) = q**3 - 4*q**2 - 2*q + 8. Let r be u(4). Suppose -3*g + 4*p + 15 = r, 2*g + 4*p - 15 = -g. Calculate the highest common factor of g and 45.
5
Suppose 8*z = 46*z - 7524. What is the greatest common factor of z and 110?
22
Suppose 1854 = 14*r + 160. What is the highest common divisor of r and 33?
11
Let z = 15 - 12. Let n(y) = -y**3 + 4*y**2 - 4*y + 3. Let p be n(z). Suppose p = d + f + 2*f, -d + 4 = 2*f. What is the highest common factor of d and 36?
12
Let y = -1502 + 2377. Calculate the greatest common divisor of 35 and y.
35
Suppose 99 = -2*i - r, -2*i - r - 96 = -3*r. Let k = i + 53. Calculate the greatest common divisor of k and 14.
2
Suppose -2*n - 4*i + 36 = 0, i = 5*n + 5*i - 66. Calculate the greatest common factor of 830 and n.
10
Suppose 71*n = 75*n - 340. Calculate the greatest common divisor of 2465 and n.
85
Let v = 17 + -8. Suppose -14 = -3*u + p, -3*p - 9 - 3 = u. What is the greatest common divisor of v and u?
3
Let r(g) = 365*g - 35. Let a be r(2). What is the greatest common divisor of a and 5?
5
Let g be (-8)/(-6)*(-7 + 10). Let o be 2 + g/(2 + 2). Suppose -o*h - 2*h + 400 = 5*q, 4*h - 320 = 3*q. What is the highest common factor of h and 20?
20
Let k = -496 - -509. Suppose -5*w + 4*w = o - 102, 2*w - 206 = -o. Calculate the greatest common divisor of k and w.
13
Let d(i) = -212*i**2 + 213*i**2 + 38*i**3 - i - 14*i**3. Let o be d(1). Calculate the greatest common factor of 24 and o.
24
Suppose -5*v = 5*f - 1520, -41*v + 42*v = -3*f + 920. Calculate the greatest common factor of f and 77.
77
Let g = -44 + 62. Let b be ((-11)/(-22))/((-1)/2). Let o be (-2 - b/1) + 7. Calculate the greatest common factor of o and g.
6
Suppose -2*k = -4*k + 3*o - 73, -4*k + o = 121. Let w = 32 + k. What is the highest common divisor of 2 and w?
1
Let k = -3 + 7. Suppose 5*t - 2*i - 3*i - 40 = 0, 0 = -2*t + k*i + 20. Suppose 4*j - 20 + 12 = 0. What is the highest common factor of j and t?
2
Let r be ((-2)/4)/((-1)/76). Suppose 0 = -22*t - 165 + 583. Calculate the highest common divisor of t and r.
19
Suppose 77*t - 10 = 79*t, 3*t - 417 = -4*l. What is the highest common divisor of 81 and l?
27
Let u = -80 - -135. Let t = u - 49. Suppose 4*r - 176 = -56. Calculate the highest common factor of t and r.
6
Let w(l) = -l**3 - l**2 - 9. Let o be w(-3). Suppose 30 = 7*b + o. What is the highest common divisor of b and 33?
3
Let v be ((-2)/5)/(((-64)/5700)/16). Calculate the greatest common divisor of 6 and v.
6
Let u(j) = j**3 - 3*j. Let y be u(-3). Let o = y - -34. What is the highest common factor of 176 and o?
16
Let l be (12/6)/(4/(-14)). Let n = 26 - l. Let c be (-182)/(-4) - n/22. Calculate the greatest common factor of c and 22.
22
Let r = 32 - 25. Suppose -4 - r = -11*u. What is the highest common factor of 9 and u?
1
Let l(f) = f**2 - 19*f - 239. Let d be l(30). What is the greatest common divisor of d and 133?
7
Suppose -378*l + 18 = -375*l. Calculate the highest common factor of l and 147.
3
Let a be -5 - 8/((-16)/54). What is the highest common divisor of 319 and a?
11
Let p(v) = v**3 + 7*v**2 + 9*v - 70. Let w be p(5). What is the greatest common divisor of 50 and w?
25
Suppose -146 = -9*n + 1042. Calculate the greatest common divisor of 1452 and n.
132
Let i be 0 + 111 + -20*(-3)/12. What is the highest common divisor of 29 and i?
29
Let c be 5*((-64)/20)/4. Suppose 17 = 5*q - 2*k, -2*q + 2 = 3*k + k. Let z = q - c. What is the greatest common factor of 21 and z?
7
Let l = -87 + 97. Let n be 1*40/(0 + 2). What is the greatest common factor of l and n?
10
Suppose -30*t + 3*t = -1053. Calculate the greatest common factor of 507 and t.
39
Let m(a) be the second derivative of -4*a**3 - 20*a. Let h be m(-5). Let r be -10*-2*3/4. Calculate the highest common divisor of h and r.
15
Let i(y) be the first derivative of -5*y**2/2 - 4*y - 1. Let p be i(-7). Let n = p + 4. Calculate the highest common factor of 14 and n.
7
Let p = -300 + 302. Calculate the highest common factor of 64 and p.
2
Suppose -4*g + 6 = -5*g. Let x = -1 + g. Let y(u) = 2*u**2 + 6*u - 7. Let f be y(x). Calculate the greatest common divisor of 7 and f.
7
Let u(q) = q + 5. Let s be u(-2). Suppose 2*o + 5*f - 55 = 31, s*f = 12. Suppose -4*t - 50 = -182. Calculate the highest common divisor of o and t.
33
Let h(q) = 8*q**2 - 2*q - 1. Let b be h(4). Let m(y) = y**3 - 2*y**2 - 47*y + 9. Let w be m(8). Calculate the greatest common divisor of w and b.
17
Let h = 12 + -9. Let a be 4 - (3/h + -1). Suppose -5*n + 2*t + 169 = 0, 5*n = a*n - 4*t + 25. What is the greatest common divisor of 3 and n?
3
Let q(o) = -6*o + 12. Let t be q(0). What is the greatest common factor of 12 and t?
12
Suppose i = v - 5, 5*v = i + 24 - 3. Suppose -5*g + 3*d + 110 + 136 = 0, 4*g = -v*d + 184. Let c = -936 - -942. What is the highest common divisor of g and c?
6
Suppose -8*g - 8 = -9*g. Suppose -g*d + 6*d + 72 = 0. What is the highest common factor of 48 and d?
12
Let v be (15/(-2) + 4)*(-6)/7. Let j(r) = 38*r + 7. Let c be j(v). What is the greatest common factor of c and 11?
11
Suppose v = -2*a - 6, -3*a = -0*a + 3. Let s be (28 + 2)*v/(-8). What is the highest common divisor of 15 and s?
15
Let o be (0 - 1)*-10*198/5. Suppose o = 12*v - 6*v. What is the greatest common factor of 88 and v?
22
Let i = -16 + 15. Let m = 0 - i. What is the highest common factor of 2 and m?
1
Let j be 2 - (-10)/5 - 5/(-1). Calculate the highest common divisor of 3 and j.
3
Let d = 622 + -586. Let j = 9 - -15. What is the highest common divisor of j and d?
12
Suppose -2*j - j + 5 = -5*h, -3 = j + 3*h. Suppose 3*d - 1 - 5 = j. Let k = 701 + -685. Calculate the greatest common divisor of d and k.
2
Suppose -5*g = -4*s + 55, -61 = -2*s - 2*s - g. Let l = s - 17. Let j be -18*(4/3)/l. What is the greatest common factor of j and 48?
12
Suppose 4*v + 0*b - 60 = -3*b, -4*v - 2*b + 56 = 0. What is the highest common factor of 192 and v?
12
Let a(j) = 173*j - 230. Let w be a(4). Calculate the highest common factor of w and 84.
42
Let s(y) = -2*y**2 + 34*y - 46. Let w be s(14). What is the highest common divisor of 6 and w?
2
Let j be (188/(-28) - -7)*42/2. What is the highest common factor of j and 111?
3
Let p be 0/(-2) - 1*-23. Suppose -4*q - b - 28 = 0, 3*q = -0*q + 5*b + 2. Let w be